divided by 455?
452
What is the remainder when 60369 is divided by 26?
23
What is the remainder when 490569 is divided by 490519?
50
Calculate the remainder when 89942 is divided by 3747.
14
Calculate the remainder when 378404988 is divided by 56.
52
Calculate the remainder when 296411 is divided by 73571.
2127
Calculate the remainder when 4300011 is divided by 870.
471
Calculate the remainder when 383666 is divided by 191781.
104
What is the remainder when 242197 is divided by 181?
19
Calculate the remainder when 6935727 is divided by 1106.
1
Calculate the remainder when 1699938 is divided by 1699923.
15
Calculate the remainder when 85980 is divided by 4333.
3653
What is the remainder when 75335 is divided by 15?
5
Calculate the remainder when 735339 is divided by 13131.
3
What is the remainder when 11876419 is divided by 59?
14
What is the remainder when 34241116 is divided by 8560278?
4
What is the remainder when 43830 is divided by 1030?
570
Calculate the remainder when 1920749 is divided by 959583.
1583
Calculate the remainder when 267221 is divided by 132954.
1313
What is the remainder when 3550727 is divided by 1774643?
1441
Calculate the remainder when 2407069 is divided by 2406795.
274
Calculate the remainder when 31537 is divided by 15717.
103
What is the remainder when 80299756 is divided by 1942?
1940
What is the remainder when 1293050 is divided by 1053?
1019
Calculate the remainder when 4958636 is divided by 544.
76
Calculate the remainder when 5823887 is divided by 99.
14
What is the remainder when 86118 is divided by 16997?
1133
Calculate the remainder when 258363 is divided by 1944.
1755
What is the remainder when 15607478 is divided by 40?
38
Calculate the remainder when 56097 is divided by 3767.
3359
Calculate the remainder when 185705 is divided by 92764.
177
What is the remainder when 86939 is divided by 8693?
9
Calculate the remainder when 285978 is divided by 3075.
3
What is the remainder when 75797 is divided by 342?
215
Calculate the remainder when 17537707 is divided by 5845901.
4
What is the remainder when 279638 is divided by 23303?
2
What is the remainder when 20391638 is divided by 364?
358
Calculate the remainder when 22041 is divided by 742.
523
What is the remainder when 202241 is divided by 15467?
1170
What is the remainder when 74515114 is divided by 26?
24
Calculate the remainder when 1746466 is divided by 1551.
40
Calculate the remainder when 1112545 is divided by 111.
103
What is the remainder when 116247597 is divided by 168?
165
What is the remainder when 2673954 is divided by 4231?
4193
What is the remainder when 1293740 is divided by 10692?
8
Calculate the remainder when 34097 is divided by 5.
2
What is the remainder when 6027040 is divided by 14?
12
Calculate the remainder when 1873029 is divided by 1872865.
164
Calculate the remainder when 2390421 is divided by 276.
261
What is the remainder when 1502280 is divided by 26355?
45
Calculate the remainder when 130084820 is divided by 65042406.
8
What is the remainder when 757045 is divided by 90?
55
What is the remainder when 145303473 is divided by 3?
0
Calculate the remainder when 74463 is divided by 18469.
587
Calculate the remainder when 203097 is divided by 358.
111
What is the remainder when 196050810 is divided by 988?
982
Calculate the remainder when 1940217 is divided by 970102.
13
What is the remainder when 35991392 is divided by 13?
8
Calculate the remainder when 198071651 is divided by 1451.
1445
What is the remainder when 1184132 is divided by 918?
830
Calculate the remainder when 2048333 is divided by 692.
13
What is the remainder when 39697 is divided by 23?
22
Calculate the remainder when 2327100 is divided by 6140.
40
Calculate the remainder when 78679 is divided by 77.
62
Calculate the remainder when 518045 is divided by 1151.
95
What is the remainder when 614391 is divided by 1024?
1015
What is the remainder when 4583365 is divided by 469?
297
What is the remainder when 561530 is divided by 112075?
1155
Calculate the remainder when 7005335 is divided by 1751333.
3
What is the remainder when 246600 is divided by 162?
36
Calculate the remainder when 9510139 is divided by 854.
849
What is the remainder when 8216808 is divided by 335?
263
Calculate the remainder when 108808 is divided by 369.
322
What is the remainder when 33672 is divided by 11146?
234
Calculate the remainder when 22731 is divided by 49.
44
What is the remainder when 121806 is divided by 5681?
2505
Calculate the remainder when 7511817 is divided by 244.
33
What is the remainder when 2783517 is divided by 546?
9
Calculate the remainder when 275013516 is divided by 7006.
6998
Calculate the remainder when 4821233 is divided by 172186.
25
Calculate the remainder when 461603 is divided by 5770.
3
Calculate the remainder when 58055 is divided by 120.
95
Calculate the remainder when 53069437 is divided by 1642.
1639
Calculate the remainder when 3969371 is divided by 172577.
100
Calculate the remainder when 241542 is divided by 241532.
10
Calculate the remainder when 224287880 is divided by 5.
0
What is the remainder when 87749518 is divided by 907?
896
What is the remainder when 415536 is divided by 25970?
16
Calculate the remainder when 6349292 is divided by 68.
64
Calculate the remainder when 615104 is divided by 615092.
12
What is the remainder when 5033505 is divided by 35?
15
What is the remainder when 914237361 is divided by 249?
246
What is the remainder when 475650682 is divided by 36?
34
Calculate the remainder when 2166493 is divided by 22.
21
Calculate the remainder when 806752 is divided by 154.
100
What is the remainder when 2071362 is divided by 255?
252
Calculate the remainder when 6165 is divided by 555.
60
Calculate the remainder when 450071 is divided by 5415.
626
What is the remainder when 7504161 is divided by 14132?
69
Calculate the remainder when 627141 is divided by 155.
11
Calculate the remainder when 1960480 is divided by 291.
13
What is the remainder when 1566155 is divided by 2047?
200
Calculate the remainder when 3974598 is divided by 794919.
3
What is the remainder when 17337789 is divided by 1926420?
9
Calculate the remainder when 126556926 is divided by 3025.
1
What is the remainder when 476181 is divided by 1791?
1566
What is the remainder when 73977071 is divided by 193?
171
What is the remainder when 15825 is divided by 7716?
393
What is the remainder when 18732677 is divided by 1702970?
7
Calculate the remainder when 27342019 is divided by 20.
19
What is the remainder when 2551927 is divided by 2551915?
12
Calculate the remainder when 1832727 is divided by 6067.
493
Calculate the remainder when 177467 is divided by 1117.
981
What is the remainder when 2701096 is divided by 450178?
28
Calculate the remainder when 3006817 is divided by 56730.
127
Calculate the remainder when 346450 is divided by 115482.
4
What is the remainder when 46973184 is divided by 230?
54
What is the remainder when 145607 is divided by 1581?
155
Calculate the remainder when 56949269 is divided by 10459.
14
Calculate the remainder when 327937 is divided by 4665.
1387
Calculate the remainder when 18391 is divided by 416.
87
What is the remainder when 3799441 is divided by 1899717?
7
Calculate the remainder when 10636166 is divided by 1352.
1334
What is the remainder when 3690514 is divided by 1436?
1430
What is the remainder when 1716054 is divided by 60?
54
What is the remainder when 2439023 is divided by 2090?
2083
What is the remainder when 24041871 is divided by 6010460?
31
Calculate the remainder when 8411565 is divided by 2803662.
579
Calculate the remainder when 7060100 is divided by 167.
8
Calculate the remainder when 420074 is divided by 374.
72
What is the remainder when 42930 is divided by 8263?
1615
What is the remainder when 4808532 is divided by 3462?
3276
Calculate the remainder when 1016406651 is divided by 121.
117
Calculate the remainder when 8788086 is divided by 2651.
21
What is the remainder when 60749706 is divided by 9?
3
What is the remainder when 6079142 is divided by 337?
336
What is the remainder when 2400500 is divided by 2982?
2972
What is the remainder when 5442308 is divided by 109?
47
Calculate the remainder when 451248 is divided by 1503